 (-50)/f*(-6)/(-10)?
3, 5
Let v = 194 + -111. List the prime factors of v.
83
Suppose -k = -3*k + 4*m + 44, -2*m + 98 = 4*k. What are the prime factors of k?
2, 3
Let v(m) = m. Let b be v(-8). Let d be 5*2/b*-4. Suppose -2*k - 27 = -d*k. What are the prime factors of k?
3
Let b = 120 + 22. List the prime factors of b.
2, 71
Let f(k) = -7*k - 6. Let g be f(-6). Let i be 152/g - (-2)/(-9). Suppose -i*q = -3*n + n - 20, 26 = 5*q - 3*n. What are the prime factors of q?
2
Let z = 4 - 0. Suppose 2*v - z*j = 28, -2*j = -2*v - j + 22. What are the prime factors of v?
2, 5
Let s = 21 - 20. List the prime factors of 115*(s + (-6)/10).
2, 23
Suppose 0 = 5*d + k - 38, -2*k + 6 = 2*d + 3*k. Let o = 1 + d. List the prime factors of o.
3
Let t(p) = p - 1. Let v be t(-5). Let c(n) = 2*n + 6. Let u be c(v). Let s(l) = l**3 + 6*l**2 + 6. What are the prime factors of s(u)?
2, 3
Suppose 2*d - 157 - 527 = 0. List the prime factors of d.
2, 3, 19
Let f = 154 + -9. List the prime factors of f.
5, 29
Suppose 5*u - 48 = 2*u. What are the prime factors of u?
2
Suppose -b + 2 - 3 = 0. Let t be b + -1 + 6 - 0. Suppose -2*a + t*a - 2*k = 22, -a - 4*k = 9. What are the prime factors of a?
7
Suppose 117 = -5*z + 622. What are the prime factors of z?
101
Let y be 6 - (2 - 3)*-1. Suppose -y*g + o + 253 = -0*o, 202 = 4*g - o. What are the prime factors of g?
3, 17
Let v be 4/2*(-6)/(-4). Suppose -n - a = v*a - 31, 0 = 3*a - 15. What are the prime factors of n?
11
Let q(u) = -u**3 - 2*u**2 - 4. List the prime factors of q(-7).
241
Let j = -221 - -468. List the prime factors of j.
13, 19
Let n(g) = 2*g - 2*g + 0*g + 2*g**2 - 4*g. Let y(f) = -f**2 + 7*f - 7. Let z be y(5). List the prime factors of n(z).
2, 3
Suppose -2*k + 3*k = 11. Suppose 3*u = -4*r + 9, -3*r + 4*u - k = 1. Suppose r = 8*j - 4*j - 64. List the prime factors of j.
2
Let t be 4/3 + 1/(-3). Let a(n) = t - 3 - 7*n**2 + 8*n**2 - 5*n. What are the prime factors of a(7)?
2, 3
Let u(k) = -k**3 - 7*k**2 - 8*k - 1. List the prime factors of u(-6).
11
Suppose 9*q - 1456 = 5*q. List the prime factors of q.
2, 7, 13
Suppose -4*i + 16 = -76. List the prime factors of i.
23
Suppose 0 = -4*r - r + 35. Let l = 23 + r. Suppose -2*z = -4*h - l, 0*h = -2*z - 3*h + 2. List the prime factors of z.
7
Suppose 0 = 4*o - 2*w - 6, 2*o - 4*w = -18 + 6. Suppose 0 = -o*p + 5*h + 43, -2*h = 3*h - 25. What are the prime factors of p?
17
Suppose 8 = -f + 2*n - 0*n, 0 = 4*n - 20. List the prime factors of f.
2
Let v = 29 + -46. Suppose -3*n + 0*n - 84 = 0. Let g = v - n. List the prime factors of g.
11
Let v be 6/(-3)*(-1)/2. Let u = 16 + -7. Let d = v + u. What are the prime factors of d?
2, 5
Let h = -6 + 37. What are the prime factors of h?
31
Let i be -4 + (1 - -1) + 8. Suppose -i*c = -4*c - 8. Suppose -y = -c - 2. List the prime factors of y.
2, 3
Suppose -4*c + 9 = u, -2*u - 3*c + 0*c = -38. What are the prime factors of u?
5
Suppose -2*q = -18 + 12. What are the prime factors of q?
3
Suppose -4*r = 2*g + 2*g - 356, 3*g + 2*r = 267. Let s = g - 48. Let z = s - 23. List the prime factors of z.
2, 3
Suppose 7*z = 4*z + 51. Let x = z - 12. Suppose 0*p + p = x*s - 25, s + 3*p = 21. What are the prime factors of s?
2, 3
Let b = 33 - 55. Let m = -11 - b. Suppose 0 = -p + 2 + m. List the prime factors of p.
13
Suppose 2*z + 3*k = -0*z - 15, 0 = 5*z + k + 18. Suppose 2 = 2*d - 3*b, -b - 31 = -5*d - 0*b. Let f = d + z. List the prime factors of f.
2
Let j = 2 + 3. Let i(z) = -z + 4 - j - 1. List the prime factors of i(-6).
2
Let i(z) = z - 1. Let r(o) = -o - 6. Let u(b) = -5*i(b) + r(b). Let j be u(-1). Suppose -10 - 15 = -j*t. List the prime factors of t.
5
Suppose -2*y - 8 = -h, -3*h - 2*y - 9 = 7. List the prime factors of (12/(-8))/(h/4).
3
Suppose 105 = k - 0*k. List the prime factors of k.
3, 5, 7
Let z(w) be the second derivative of w**5/30 + w**4/12 - w**3/6 - w**2 - 3*w. Let u(f) be the first derivative of z(f). What are the prime factors of u(1)?
3
Suppose 9*p - 13*p = -l - 65, -5*p - 4*l + 97 = 0. What are the prime factors of p?
17
Let s = 4 - 4. Suppose s = 4*g - 7*g + 36. List the prime factors of g.
2, 3
Let i be (0 - 0 - -2)*5. Suppose -i = 2*y - 6. What are the prime factors of (y - -1) + 3 + 3?
5
Let h = 55 - 53. List the prime factors of h.
2
Let q(y) = -y**2 - 9*y + 7. Let t be q(-7). Let h = t + 0. Suppose 5*n = -2*u - h, 5*u - 3*n - n = 30. List the prime factors of u.
2
Suppose -3*v - l = 4*l + 8, -3*l = -5*v + 32. Suppose -r - 78 = -v*r. List the prime factors of r.
2, 13
Let o(s) = -4*s**2 - 6*s - 1. Let b(z) = -3*z**2 - 6*z - 1. Let t(g) = 5*b(g) - 4*o(g). Let h = 11 + -4. What are the prime factors of t(h)?
2, 3
Suppose 4*z + 2 = 5*b - 1, -5*b - 9 = 2*z. What are the prime factors of (-3)/(-2)*(b + 17)?
2, 3
Suppose 5*p - 20 = 25. What are the prime factors of p?
3
Suppose 0*g - 6 = 3*g. List the prime factors of g + (-12 + 1)/(-1).
3
Let z(d) be the third derivative of 1/2*d**3 + 1/60*d**5 + 0*d + 0 + 1/4*d**4 - 2*d**2. What are the prime factors of z(-6)?
3
Let g(m) be the third derivative of 4*m**2 + 2/3*m**3 - 1/8*m**4 + 0*m + 0. What are the prime factors of g(-3)?
13
Let q be 2 + -1 + 0 + 2. What are the prime factors of 18 + (q - 3) + -2?
2
Let z = -2 - 19. Let h = -13 - z. What are the prime factors of h?
2
Let w(h) = 5*h**3 + 0*h + h - 4*h**3. Let t be w(1). Suppose -t*y = y - 24. List the prime factors of y.
2
Let m be (12/(-15))/(2/(-20)). Let k(b) = 36*b - 1. Let n be k(3). Suppose -w = 5*l - n, 61 = 3*l - w - m. List the prime factors of l.
2, 11
Suppose -5*c = 4*w - 31, 3*c - 16 = -4*w + 9. Suppose c*q - 2*q = 31. Suppose -q = -5*s + 24. List the prime factors of s.
11
Let x = 5 - 13. Let v(b) = -b - 4. Let d be v(x). List the prime factors of d/(-2) - 1 - -9.
2, 3
Let f be 2/(-5) + 159/(-15). Let k be 2/11 - 53/f. Suppose -3*n + 5*n = w - 16, k*w + n - 25 = 0. List the prime factors of w.
2, 3
Let m(h) = -2*h - 1. Let y be m(4). Let s = y - -5. Let w = 7 + s. List the prime factors of w.
3
Let z be (-628)/(-6) + 2/(-3). Let t = z + -59. Let k = t - 31. List the prime factors of k.
2, 7
Suppose 20 = -0*p + 5*p. Suppose 10 = -p*k + 58. List the prime factors of k.
2, 3
Let p = -324 + 490. List the prime factors of p.
2, 83
Let g be -4*(-2)/((-16)/(-270)). Suppose -4*u + 3*j + 94 = 0, 5*u + j = -4*j + g. Let n = u + -13. What are the prime factors of n?
2, 3
Let b(x) = -x**2 - 6*x - 2. Let n be b(-5). List the prime factors of (18/8)/(n/16).
2, 3
Let z(v) = 57*v - 62. List the prime factors of z(7).
337
Let b = 28 - 19. What are the prime factors of -1 + 42/b*3?
13
What are the prime factors of (8/(-6))/((-13)/2574)?
2, 3, 11
Let h(d) = -d**2 - 7*d + 5. Let u be h(-7). Suppose -2*o = -u*o + 39. What are the prime factors of o?
13
Let a(s) = -s**3 - 4*s**2 + 10*s + 8. Let r(y) = -y**2 - 6. Let b be r(0). What are the prime factors of a(b)?
2, 5
Let b(t) = t**2 - 3*t - 1. Let j be -1*5*(-12)/(-15). Let s = -6 - j. List the prime factors of b(s).
3
Let r be (-6)/(-12)*-3*2. Let i be r*(-5)/((-15)/(-4)). Let g = -1 + i. What are the prime factors of g?
3
Let b = 0 - -3. Suppose -b*s + 7 = -8. Let y = 20 - s. What are the prime factors of y?
3, 5
Let x(c) = -c**2 + 4. Let p be x(0). Suppose -p*j = -57 + 17. What are the prime factors of j?
2, 5
Let m(h) = -2*h. Let n be m(-1). Suppose n - 4 = p. List the prime factors of (-2)/(-2*p/(-28)).
2, 7
Let i be 1/(6/(-9) - -1). Suppose 0 = -i*y + 3 + 39. List the prime factors of y.
2, 7
Let x be (2 - 2) + 1*-2. Let g(y) = y**3 + 2*y**2 + 2*y. Let f be g(x). Let l = f - -7. What are the prime factors of l?
3
Let r = -19 - -47. Suppose r = a - 4*k, -5*a + 5*k + 86 = 3*k. What are the prime factors of a?
2
Let m(j) = 2*j - 9. Let r(x) = -x + 8. Let g be r(0). List the prime factors of m(g).
7
Suppose -5*r + 0 = 3*q - 24, 0 = -3*r - 2*q + 14. Let h(w) = -6 - w**2 + 4 + 0 - r*w. List the prime factors of h(-4).
2, 3
Let g(t) = -t**3 - 13*t**2 - 9*t - 10. List the prime factors of g(-13).
107
Let j(k) = k**2 - 5. Let c be j(3). Suppose 0*v - f = -c*v + 105, -35 = -v + 2*f. What are the prime factors of v?
5
Let q(w) be the first derivative of w**4/4 + 8*w**3/3 + 5*w**2 + 7*w - 3. Let s be q(-6). Let p = 33 - s. What are the prime factors of p?
2, 7
Let y = 502 + -348. W